+ 83 = -5*r. Let x = 31 - r. Suppose -17 = -14*u + 13*u. What is the remainder when x is divided by u?
16
Suppose 0 = -3*o + 5 + 10. Suppose 0 = 2*u - 3*u + 6. Suppose 5*y = -4*r + 40, -y - o*r = -2 - u. What is the remainder when y is divided by 3?
2
Suppose -42*q + 451 = -347. What is the remainder when 56 is divided by q?
18
Let g = 1427 + -1247. Calculate the remainder when g is divided by 29.
6
Let i = 126 - -8. Suppose 4*c = 3*z - 5*z + 108, 5*c + 3*z - i = 0. What is the remainder when 107 is divided by c?
23
Suppose z - 7060 = -5*j + 3*z, -4*j - 5*z + 5615 = 0. Suppose -104*l + 110*l = j. What is the remainder when l is divided by 27?
19
Calculate the remainder when ((7/2 - 2) + -4)*-166 - -5 is divided by 137.
9
Let r(g) = 6*g**2 - 6*g + 4. Let y(i) = -59*i + 98. Let n be y(-11). Let l = 774 - n. Calculate the remainder when r(4) is divided by l.
22
Let l be (698/10 - 4/5)*-1. Let k = l + 79. Calculate the remainder when 41 is divided by k.
1
Let i = -670 + 723. Suppose 16*v - i = 91. Let y(q) = q**2 - 5*q + 5. What is the remainder when v is divided by y(4)?
0
What is the remainder when (1132/283)/(1/26) is divided by 39?
26
Let i = -37 + 73. Let t be (-2 + -3)/(-5) - 2. What is the remainder when (-204)/i*t/((-2)/(-6)) is divided by 11?
6
Let c(s) = 10*s**2 + 184*s + 4. What is the remainder when c(-20) is divided by 9?
0
Suppose 0*k - k - 14 = 0. Let v = k - -17. Suppose 2317 = 13*t + 2135. Calculate the remainder when t is divided by v.
2
Let b(n) = -n**3 - 11*n**2 + 39*n + 109. What is the remainder when b(-16) is divided by 763?
2
Let m = -398 - -136. Let q = -223 - m. Suppose 4*t - 6*t + 2*b + 396 = 0, 5*t = -3*b + 950. Calculate the remainder when t is divided by q.
37
Let y be 162/15 + (-4)/(-20). Let o(i) be the first derivative of -3*i**2/2 + 36*i - 17. What is the remainder when 6 is divided by o(y)?
0
Let s(k) = k**2 + 4*k - 3. Let m = -3889 - -3895. What is the remainder when s(-8) is divided by m?
5
Let s = -76 + 76. Suppose s = 2*d + 29 - 85. Calculate the remainder when 138 is divided by d.
26
Calculate the remainder when 1571 is divided by -31 + 34 - 6*-1.
5
Suppose 2*k + 4*m = 0, -3*k - 2 = -2*m + 6*m. Let r(c) = -41*c + 7. Calculate the remainder when r(k) is divided by 45.
44
Suppose -2*m - f = -239, 3*m = -4*f - 4726 + 5107. Let k = 12 + -3. What is the remainder when m is divided by k?
7
Let d(b) be the first derivative of -12*b**2 - 131*b + 311. Let x(j) = 4*j + 4. Calculate the remainder when d(-10) is divided by x(6).
25
Suppose 39*z - 168 = 18*z. Calculate the remainder when ((-18)/3)/(8/(-444)) is divided by z.
5
Let y = -3108 + 3506. Suppose -150 = -5*u + 135. Calculate the remainder when y is divided by u.
56
Let y = 3858 - 3790. Calculate the remainder when 947 is divided by y.
63
Suppose -25 = -5*p + 115. Let a(v) = p*v**2 + 6 - 63*v**2 + 38*v**2 + 17*v. Calculate the remainder when 101 is divided by a(-7).
33
Let d = 1693 - 1250. Calculate the remainder when d is divided by 216.
11
Calculate the remainder when (-36 - 0)*(-6 - (-252)/48) is divided by (-3)/6 - 1/2*-29.
13
Let t be ((-3)/(-9)*9 - 3) + -5. Calculate the remainder when 181 is divided by 351/81*(1 - t).
25
Suppose -7*y + 52*y - 5148 = -21*y. What is the remainder when 698 is divided by y?
74
Let c(s) = -9*s - 28. Let b be c(-15). Let q = 111 - b. Suppose -220 = -4*k + f, -q*k - 4*f + 220 = f. What is the remainder when k is divided by 16?
7
Let k(q) = 6*q**2 - 19*q - 370. Calculate the remainder when k(17) is divided by 149.
147
Suppose z + 5*z - 156 = 0. Suppose 3*r - 5*w - 14 = 0, -12 = -4*r + 3*w + 14. What is the remainder when z is divided by r?
2
Suppose -5*r + 74 = -3*n, -60*r + 3*n = -59*r - 22. What is the remainder when r is divided by 4/5*125/10?
3
Suppose -10*q - 8707 + 10507 = 0. Calculate the remainder when 301 is divided by q.
121
Let y be (3 + 7/(-3))*(-2 - -5). Suppose -r - y*j = 0, 2*j + j = 2*r - 28. Calculate the remainder when 19 is divided by r.
3
Let j = 316 - 286. Calculate the remainder when 119 is divided by j.
29
Let m(y) = -y**2 - 13*y - 4. Let o be m(-8). Let j = -36 + o. Calculate the remainder when 71 is divided by 18 + 4/(-12)*j.
17
Suppose -50*p + 5301 = -2999. What is the remainder when p is divided by 89?
77
Calculate the remainder when (-132)/(-308) + 1716/14 is divided by 63.
60
Let z(y) = -6*y - 14. Let p(j) = j**2 + 7*j + 4. Let h be p(-5). Calculate the remainder when (2050/(-150))/(2/(-6)) is divided by z(h).
19
Let w(c) = c**2 + 96*c + 1089. What is the remainder when 10897 is divided by w(-13)?
7
Let z = -149 + 52. Let f = z + 120. Suppose -8 = -o + 59. What is the remainder when o is divided by f?
21
Suppose -373*u = -383*u + 150. Calculate the remainder when 356 is divided by u.
11
Let u = 4569 - 3841. What is the remainder when u is divided by 23?
15
Let c(f) = f**2 - 18*f + 52. Let l(r) = 3*r + 45. Calculate the remainder when l(15) is divided by c(16).
10
What is the remainder when 5319 is divided by (60/14 - -3) + 38/(-133)?
6
Suppose 31*o + 493 = 1206. Suppose -4*z = -o*z + 247. Let c = -48 + 72. What is the remainder when c is divided by z?
11
Let k(w) = 4*w**3 + 4*w**2 - 2*w - 8. Let g(d) = d**3 + d + 1. Let j(m) = -3*g(m) + k(m). Calculate the remainder when 41 is divided by j(-4).
5
Let a(j) = j**3 - 2*j**2 + 14*j - 20. Calculate the remainder when a(5) is divided by 54.
17
Suppose 5*s = 8*s - 63. What is the remainder when -1 + 27/s - 836/(-14) is divided by 8?
4
Suppose 4*s + 31 - 39 = 0. Suppose 2*l - 9 = -2*h - 131, s*l + 132 = 3*h. Let k = l - -77. What is the remainder when 46 is divided by k?
4
Suppose 0 = -3*k + 2*v + 821, -2*k - 5*v = k - 814. Let y = 45179 - 45110. Calculate the remainder when k is divided by y.
66
Let x(p) be the second derivative of -2*p**3/3 + 179*p**2/2 - 7*p + 2. Calculate the remainder when x(11) is divided by 62.
11
Let c = 622 + -390. Let s = c + -195. Calculate the remainder when s is divided by 10.
7
Let s be (-46 + 43)*1/(-3). What is the remainder when 127 is divided by 55/2 - (-6)/(-12) - s?
23
Suppose 569 + 823 = -16*w. Let l = w + 91. Calculate the remainder when 24 is divided by l.
0
Suppose 2*x - 1408 = -m, -4*m + 5*x = -2147 - 3446. Calculate the remainder when m is divided by 27.
25
Let a(t) = -t**3 + 7*t**2 - 11*t + 32. Let p be a(6). Calculate the remainder when -1*4 + p + (-70)/(-5) is divided by 1*4*15/12.
2
Suppose 44 = 5*z + b, -b - b + 16 = 2*z. Let g = 94 + 210. Let t = g - 289. What is the remainder when t is divided by z?
6
Suppose 0 = 102*g - 94*g + 24. What is the remainder when (-1144)/(-33) + 1/g*-4 is divided by (5/(-10))/(2/(-48))?
0
Suppose 8*r + 21*r = -46*r + 907725. What is the remainder when r is divided by 68?
67
Let q = -686893 + 687002. Suppose s = -s. Calculate the remainder when q is divided by s + 1 - 36*-1.
35
Let z(u) = 15*u - 69. Suppose -3*s = -4*s + 5. Suppose s*p - 640 = -5*c, 0*p - 3*c - 236 = -2*p. Calculate the remainder when p is divided by z(6).
19
Let a(c) = c**2 + 9*c - 16. Let n(u) = u + 43. Let p(h) = 11. Let k(w) = -2*n(w) + 9*p(w). Let j be k(5). Calculate the remainder when 56 is divided by a(j).
16
Let s(q) = 62*q**3 - 2*q**2 + q. Let g(u) = -253*u**3 + 16*u**2 + 59*u + 44. What is the remainder when g(-1) is divided by s(1)?
10
Suppose 5*f - 267 + 4 = 3*i, 2*f = -5*i + 99. Calculate the remainder when 20034/78 - (-4)/26 is divided by f.
49
Let u be 3/(-9) - (-611)/(-3). Let m = -314 - u. Let w = m + 118. What is the remainder when 79 is divided by w?
7
Let o be (-2)/(-5)*(-60)/(-24). Let v(p) = 22*p**3 - 3*p**2 + 3*p + 1. What is the remainder when 64 is divided by v(o)?
18
Let l = -1265 + 1454. Calculate the remainder when l is divided by 35.
14
Let w(m) = m**3 - 3*m**2 + 4*m + 232. Let c be w(0). Let g = -24 + c. Calculate the remainder when g is divided by 53.
49
Let j = 3 - -1. Let z = 614 + -613. Calculate the remainder when 8 is divided by (j - z) + -1 + 9/3.
3
Suppose -4*d = 5*o - 11, -o + 5*d + 38 = 1. Calculate the remainder when 230 is divided by o.
6
Let l(w) = 2*w**3 + 44*w**2 - 45*w - 109. What is the remainder when l(-20) is divided by 126?
123
Suppose -3*p + 807 = t, -p - 4*t + 273 = -5*t. Let l = 728 + -694. What is the remainder when p is divided by l?
32
Let b be 80 - (6 - 